. What are the prime factors of 6/4 + (-3 - 705/r)?
2, 29
Let k = 612 + -348. Let z = -126 + k. List the prime factors of z.
2, 3, 23
Suppose 0 = 4*k + 4*p + 12, -1 - 8 = 5*k + 3*p. Let r(v) = 0*v + v**2 + 11 + v + 0*v**2. What are the prime factors of r(k)?
11
Suppose 4*t + 4*s = 4140, -3*s = 7 - 4. What are the prime factors of t?
2, 7, 37
Let w(x) = 5*x**2 + 2*x - 2. Let q be w(-3). Suppose -2*l + q = -5. List the prime factors of l.
3, 7
Let y(i) = i**3 + 4*i**2 + 3. Let r be (-34)/8 + (-2)/(-8). Let c be y(r). Suppose 2*l + 0*l + c*q = 70, -105 = -3*l - 5*q. What are the prime factors of l?
5, 7
Suppose -5*h = -5*p + 1325, 13*h - 8*h - 509 = -2*p. What are the prime factors of p?
2, 131
Suppose -8*k + 4*k = 0. Suppose 5*x + q - 180 = k, -6 - 6 = -x - 5*q. List the prime factors of x.
37
Suppose -17*k + 21*k - 1624 = 0. What are the prime factors of k?
2, 7, 29
Let g be (-10 - -2) + 1 + 3 + 0. List the prime factors of ((-10)/(-3) + -2)*(-138)/g.
2, 23
Let u(h) = 2*h**2 - 6*h - 5. Let q be u(5). Suppose 469 + 164 = 3*y + 3*o, 3*o = -q. List the prime factors of y.
2, 3
Suppose -5 = -2*b + 5. Let r(l) = 3*l**3 - l**2. Let s be r(1). Suppose -h - 5*m = b + 9, -s*h - 3*m = 0. What are the prime factors of h?
2, 3
Suppose 4 = -u, -12 = -0*z + 4*z + 5*u. Let f(b) = -4*b - 122. Let k be f(-32). Suppose 0 = -k*t + z*t + 144. What are the prime factors of t?
2, 3
Suppose 0 = -5*m + 5*g + 10295, 3*m = -10*g + 9*g + 6165. List the prime factors of m.
2, 257
Let v = 228 + 57. Suppose 5*k - v = 280. What are the prime factors of k?
113
Let k(h) = -2*h - 5. Let v be k(-5). Suppose 20 = -v*w + 380. Suppose -6*c + 69 = 4*q - 3*c, c = 5*q - w. List the prime factors of q.
3, 5
Let h = 271 + -208. List the prime factors of h.
3, 7
What are the prime factors of (0 + -942)*2/(-4)?
3, 157
Let r(x) = -8*x + 29. Let j(d) = -15*d + 58. Let g(z) = -3*j(z) + 5*r(z). What are the prime factors of g(13)?
2, 3
List the prime factors of ((-9)/12)/((-3)/(-288)*-2).
2, 3
Let g(d) = 3*d**2 + 2*d - 1. Let m be g(-3). Suppose -3*i - 8 + m = 0. Suppose 51 = -l + i*l. What are the prime factors of l?
17
List the prime factors of 10 + (2679 - (2 + 7)).
2, 5, 67
Suppose -3*t - u + 1009 = 0, -u = -2*t - 115 + 791. What are the prime factors of t?
337
Let s = -122 + 86. Let a be (-2)/(-10) + s/(-45). List the prime factors of (-3 + a - -3)*15.
3, 5
Let g(f) = -5*f. Let n be g(1). Let l be (-24)/20*(-80)/(-12). List the prime factors of 11/((20/l)/n).
2, 11
Suppose -25 = 2*b - 7*b. Let w = 7 - b. Suppose -w*l + 15 = l. What are the prime factors of l?
5
Let k(z) = 2*z**2 + 1. Let o be k(1). Suppose -8*s + 5*s = o*n - 300, 0 = 4*s + n - 391. What are the prime factors of s?
97
List the prime factors of ((-2328)/(-20))/((-54)/(-1440)).
2, 97
Let f(s) = -2*s - 17. Let z(h) = 2*h - 5. Let l be z(6). Suppose l*w - 6*w = -13. List the prime factors of f(w).
3
Let o = 3136 + -1418. List the prime factors of o.
2, 859
Let l(n) = 8*n - 42*n**2 + n + 41*n**2 + 10. Let b be l(11). What are the prime factors of (17 + -6)/((-2)/b)?
2, 3, 11
Suppose -2*q - i - 11 = 2*i, -5*q = -3*i + 80. Let t = q + 25. Let l = t - 1. List the prime factors of l.
11
Suppose -x = 2*a - 4452, 4*x + 11 = 27. What are the prime factors of a?
2, 139
Let h(i) = -2*i**2 - 1 - i**3 + 3*i - 4*i**2 + 2*i**3. Let b be (-98)/(-16) - (-4)/(-32). What are the prime factors of h(b)?
17
Suppose 5 = 5*n, 4*n = 2*a - 3*a + 71. Suppose 129 - a = t. What are the prime factors of t?
2, 31
Let a(x) = 14*x - 31. Suppose -43 = -8*s + 13. List the prime factors of a(s).
67
Let r(c) be the second derivative of 11*c**3 + 3*c**2/2 - 17*c. What are the prime factors of r(1)?
3, 23
Let c be 21/6 + -3 - (-322)/(-4). List the prime factors of c/(-100) + (-761)/(-5).
3, 17
Let b = -2484 - -4703. What are the prime factors of b?
7, 317
Let b be (120/25)/((-4)/(-10)). Let u be -4*((-54)/8 + 2). Let w = u - b. List the prime factors of w.
7
Let b(x) = -x - 2 + 0*x**3 + 0 + 2*x**3. Let w be b(2). List the prime factors of (w/8)/((-3)/(-50)).
5
Suppose 11*c - 6320 = -5*c. What are the prime factors of c?
5, 79
Let c = 1 - -4. Suppose -c*b + 20 = -170. Suppose b = 6*x - 4*x. List the prime factors of x.
19
Suppose -w = 5*u - 240, 5*u + 9 - 269 = -5*w. List the prime factors of u.
47
Suppose -3*r - 8 = -26. Suppose 0 = r*q - 673 - 65. List the prime factors of q.
3, 41
Let l be (3/2 - 0)/(1/2). Suppose -3*x + x + l*r + 264 = 0, -3*x = r - 385. List the prime factors of x.
3, 43
Suppose -73 - 32 = 5*p. Let r = 32 + p. List the prime factors of r.
11
List the prime factors of 22/(-2) - 19080/(-60).
307
List the prime factors of (-9)/((-27)/192) + (4 - -1).
3, 23
Let h(n) = n**3 - 8*n**2 + 8*n - 3. Let t be h(7). Suppose 5*z - 286 = t*a, -2*a - 233 = -4*z - 3*a. What are the prime factors of z?
2, 29
Suppose 0 = 5*b - 18 - 52. Let i(v) = -v**2 + 15*v + 1. Let q be i(b). Let w = -11 + q. What are the prime factors of w?
2
Suppose 0 = -8*n + 6*n + 8, 532 = 4*h - n. Suppose 0 = 6*a - 2*a - 304. Let y = h - a. What are the prime factors of y?
2, 29
Let y(j) = 2*j**3 - 2*j**2 - j**3 + 2*j + 76 - 83. Let x be y(5). Suppose 37 = o + 5*k, 0*o + 3*o + 4*k = x. List the prime factors of o.
2, 11
Suppose -5*c = -5*k + 9755, 7*c = 5*k + 3*c - 9759. List the prime factors of k.
5, 17, 23
Let n(l) = 3*l - 5. Let w be (-3)/(9/114) - -2. Let s be (2 + -4)*w/8. What are the prime factors of n(s)?
2, 11
Let u(z) = -14*z + 799. List the prime factors of u(0).
17, 47
What are the prime factors of 118 + (-9)/(27/6)?
2, 29
Suppose 32*i - 33*i = -68. Suppose -4*f = -5*d + 76, -6*d - 4*f + i = -2*d. What are the prime factors of d?
2
Let z(r) be the third derivative of -r**4/12 - 8*r**3/3 - 25*r**2. Let i(u) = u**3 + 6*u**2 + 8*u + 3. Let l be i(-5). List the prime factors of z(l).
2
Suppose -3 = -3*f, -5*d = -2*d - f - 3974. What are the prime factors of d?
5, 53
Let w = -11 + 4. Let p(q) = q**2 + 3*q + 6. Let c be p(w). Suppose 3*a - 20 = c. What are the prime factors of a?
2, 3
Suppose 4*l - 4*o - 314 = -l, 5*l - 307 = -3*o. Let f = 37 + l. List the prime factors of f.
3, 11
List the prime factors of 4 + 1 - (-1104 - 1 - 0).
2, 3, 5, 37
Let q(t) = -19*t - 17. List the prime factors of q(-24).
439
Let i(w) = 15*w + 8 - 4 - 10 + 13*w. Let u be i(3). Suppose -4*b = -2*s + 28, -3*b + u = 4*s - 0*b. What are the prime factors of s?
2, 3
Let i = -14 + 23. Let b = i - 23. Let u = 21 + b. List the prime factors of u.
7
Let i = 16 + -27. Let z(b) = -4 + 5*b**2 + b - 4*b**2 + 7 + 9*b. List the prime factors of z(i).
2, 7
Let f = 134 + -45. List the prime factors of f.
89
Let w = -119 + 166. Suppose 5*s = w + 43. What are the prime factors of (-3384)/(-81) + 4/s?
2, 3, 7
Let d be -1 + 0 + -2 + 8. Suppose k - 384 = -d*k. What are the prime factors of k?
2
Let r be 4/(-5)*(-25)/10. Suppose -3*g + r*f = -0*f, -3*f - 15 = 3*g. List the prime factors of g/5 + (-510)/(-25).
2, 5
Let r(u) = -u**3 + 3*u**2 + u - 1. Let o be r(3). Let y(c) = 2*c**3 - 5*c**2 + 5*c - 3. Let v be y(3). Suppose o*m - 3*m + v = 0. List the prime factors of m.
3, 7
Let p(f) = f**3 - 6*f**2 + 6*f - 6. Let u be p(5). Let s(j) = -12*j + 12. Let n(h) = h. Let g(r) = u*s(r) - n(r). What are the prime factors of g(6)?
2, 3
Let w = 7 + 0. Let l(d) = 3*d - 7 + 11 - w. List the prime factors of l(9).
2, 3
Suppose 28*q = -3*q + 8990. List the prime factors of q.
2, 5, 29
Suppose 11 = 3*i - 5*b, -i + 6 = -2*b + 2. List the prime factors of i.
2
Let a = -783 - -960. List the prime factors of a.
3, 59
Suppose 9619 = 5*s - 4*h, -6*s + 5*s + 3*h + 1926 = 0. List the prime factors of s.
3, 641
What are the prime factors of (-238902)/(-63) - 1 - (-50)/(-525)?
17, 223
Suppose 29*b - 2029 - 2959 = 0. What are the prime factors of b?
2, 43
Let g = -13 - -21. Let s be 2/(g/(-12))*-48. Suppose 198 = 3*u - 5*k + 54, -3*k = 3*u - s. What are the prime factors of u?
2, 3
Let v = -171 + 396. List the prime factors of v.
3, 5
Let z be (0 - -1)*3/((-6)/(-10)). Suppose z*h - 13 - 182 = 0. List the prime factors of h.
3, 13
Suppose -1 = p - o, 8*o - 3*o - 21 = p. List the prime factors of p/(-4*4/(-256)).
2
Suppose -1140 = -v + 2*b - 226, 2*v = -b + 1823. Suppose v + 40 = 8*q. List the prime factors of q.
7, 17
Let u(i) = 19*i + 17. What a